me number?
False
Is 2689235 prime?
False
Is 28123 a composite number?
False
Is 18695 a prime number?
False
Is 4791 composite?
True
Is 10903 composite?
False
Is 2424017 a composite number?
False
Is 10357 prime?
True
Is 33949 a composite number?
True
Is 183791 prime?
False
Is 305069 a composite number?
False
Is 46385 a composite number?
True
Is 1248643 a composite number?
True
Is 114937 prime?
False
Is 14519 a prime number?
True
Is 1767023 a composite number?
False
Is 3989 composite?
False
Is 140149 prime?
False
Is 419437 a composite number?
True
Is 12955 prime?
False
Is 360239 prime?
False
Is 30262 a composite number?
True
Is 1108867 prime?
True
Is 3551 prime?
False
Is 201389 prime?
True
Is 2867465 prime?
False
Is 121957 a prime number?
False
Is 28387 prime?
True
Is 18267 composite?
True
Is 659279 a composite number?
False
Is 52963 a composite number?
False
Is 25427 composite?
True
Is 111257 composite?
True
Is 1916735 composite?
True
Is 36739 a composite number?
False
Is 231169 composite?
False
Is 179499 composite?
True
Is 77057 composite?
True
Is 7993 a prime number?
True
Is 9941 a composite number?
False
Is 706 prime?
False
Is 13093 composite?
False
Is 678883 prime?
True
Is 279311 composite?
False
Is 305917 prime?
True
Is 6863 prime?
True
Is 472431 a composite number?
True
Is 32605 composite?
True
Is 6629 composite?
True
Is 169859 composite?
False
Is 8977 prime?
False
Is 1906909 composite?
False
Is 2081 a composite number?
False
Is 1317565 prime?
False
Is 570373 prime?
True
Is 24907 a composite number?
False
Is 2203 composite?
False
Is 4699 a composite number?
True
Is 616985 composite?
True
Is 4369 composite?
True
Is 15817 composite?
False
Is 63887 prime?
False
Is 427891 a composite number?
True
Is 60691 a prime number?
False
Is 641 composite?
False
Is 983 composite?
False
Is 116221 composite?
True
Is 11539 prime?
False
Is 16319 composite?
False
Is 43777 a composite number?
False
Is 1907 a composite number?
False
Is 556723 prime?
True
Is 32771 prime?
True
Is 141743 a prime number?
False
Is 47791 a composite number?
False
Is 50033 prime?
True
Is 744941 a prime number?
True
Is 129449 a prime number?
True
Is 26801 a prime number?
True
Is 133919 prime?
True
Is 901 a composite number?
True
Is 128005 a prime number?
False
Is 100237 a composite number?
False
Is 323173 a composite number?
True
Is 49139 composite?
False
Is 51943 composite?
True
Is 545251 a composite number?
True
Is 1669951 a composite number?
False
Is 1475533 prime?
False
Is 15454 a composite number?
True
Is 23921 a composite number?
True
Is 163745 a prime number?
False
Is 118571 a composite number?
False
Is 41759 prime?
True
Is 11863 a prime number?
True
Is 669629 composite?
True
Is 1070899 composite?
False
Is 97073 prime?
True
Is 4679 composite?
False
Is 105929 a prime number?
True
Is 2039 a prime number?
True
Is 418909 composite?
False
Is 6317 prime?
True
Is 32493 composite?
True
Is 50659 prime?
False
Is 98981 a composite number?
False
Is 337453 composite?
False
Is 1605533 composite?
False
Is 1379503 composite?
False
Is 4922867 prime?
True
Is 11771 prime?
False
Is 8737 composite?
False
Is 1114 a composite number?
True
Is 1801 a prime number?
True
Is 1367 composite?
False
Is 78043 composite?
True
Is 2141603 a composite number?
False
Is 219217 a prime number?
True
Is 96401 a prime number?
True
Is 23143 composite?
False
Is 635114 prime?
False
Is 124445 composite?
True
Is 210709 a prime number?
True
Is 7339 a composite number?
True
Is 17551 a composite number?
False
Is 133493 composite?
False
Is 1117 composite?
False
Is 2999 a composite number?
False
Is 1432317 a composite number?
True
Is 1124083 a composite number?
False
Is 1589849 prime?
True
Is 46001 composite?
True
Is 753793 prime?
True
Is 104281 composite?
False
Is 31567 a composite number?
False
Is 46463 a prime number?
False
Is 308059 prime?
False
Is 64483 composite?
False
Is 2459 a composite number?
False
Is 511499 composite?
True
Is 4579663 a prime number?
False
Is 99451 a composite number?
True
Is 9277 composite?
False
Is 6563 a prime number?
True
Is 2429251 prime?
False
Is 201233 prime?
True
Is 941041 composite?
False
Is 90113 a prime number?
False
Is 2153 a composite number?
False
Is 8661 composite?
True
Is 6287 prime?
True
Is 375353 a composite number?
True
Is 2192713 composite?
False
Is 17369 composite?
True
Is 75611 a prime number?
True
Is 14255 composite?
True
Is 8013 a composite number?
True
Is 798335 a composite number?
True
Is 567031 composite?
False
Is 20543 a prime number?
True
Is 9091 composite?
False
Is 395021 a prime number?
False
Is 47933 a composite number?
False
Is 291433 composite?
True
Is 57251 composite?
False
Is 12643 a composite number?
True
Is 716551 a composite number?
True
Is 8641 a prime number?
True
Is 65063 a prime number?
True
Is 679517 prime?
True
Is 67819 a prime number?
True
Is 19907 composite?
True
Is 212497 a prime number?
False
Is 664709 composite?
True
Is 38993 a composite number?
False
Is 83245 prime?
False
Is 252859 composite?
True
Is 322397 prime?
True
Is 55129 a composite number?
True
Is 4571 composite?
True
Is 312337 composite?
True
Is 3527 prime?
True
Is 108371 a composite number?
True
Is 1788863 composite?
False
Is 6943 composite?
True
Is 131861 composite?
False
Is 1262 a prime number?
False
Is 24286 composite?
True
Is 67143 a composite number?
True
Is 30062 a composite number?
True
Is 13105 composite?
True
Is 4847 a composite number?
True
Is 162389 a composite number?
False
Is 26849 prime?
True
Is 4499 composite?
True
Is 81721 composite?
True
Is 41177 composite?
False
Is 3209 a composite number?
False
Is 15339 prime?
False
Is 6637 composite?
False
Is 41771 prime?
True
Is 31454 prime?
False
Is 660659 a composite number?
False
Is 3691 prime?
True
Is 2277767 composite?
False
Is 544399 a prime number?
True
Is 933241 a composite number?
False
Is 17891 prime?
True
Is 13789 composite?
False
Is 56555 a composite number?
True
Is 493369 composite?
False
Is 774377 a prime number?
True
Is 142399 composite?
True
Is 401459 prime?
False
Is 10765 composite?
True
Is 290429 composite?
False
Is 93549 a prime number?
False
Is 2413 a prime number?
False
Is 138283 prime?
True
Is 89653 a composite number?
False
Is 15601 composite?
False
Is 21621 prime?
False
Is 3433 prime?
True
Is 108089 a composite number?
False
Is 726383 a composite number?
True
Is 769091 a prime number?
True
Is 277259 prime?
True
Is 55579 a prime number?
True
Is 40087 composite?
False
Is 735853 a composite number?
False
Is 18155 composite?
True
Is 8407 a composite number?
True
Is 4621 composite?
False
Is 13057 prime?
False
Is 3464813 a prime number?
False
Is 10037 prime?
True
Is 1861 prime?
True
Is 58567 prime?
True
Is 1003 a composite number?
True
Is 102239 prime?
False
Is 26801 a composite number?
False
Is 46979 composite?
True
Is 1675931 a prime number?
True
Is 1703 composite?
True
Is 40567 composite?
True
Is 14813 prime?
True
Is 34141 prime?
True
Is 14923 prime?
True
Is 4195 a composite number?
True
Is 35047 a prime number?
False
Is 12451 a prime number?
True
Is 662369 composite?
False
Is 63469 a prime number?
False
Is 203063 a prime number?
False
Is 188663 a prime number?
False
Is 2095 prime?
False
Is 1306 prime?
False
Is 3011 a composite number?
False
Is 1829011 prime?
True
Is 64271 prime?
True
Is 3491 a composite number?
False
Is 1357 prime?
False
Is 69307 composite?
True
Is 13477 a prime number?
True
Is 791 composite?
True
Is 466253 prime?
False
Is 10411 a prime number?
False
Is 4024259 a prime number?
True
Is 6319 prime?
False
Is 24937 composite?
True
Is 2285711 composite?
False
Is 11953 prime?
True
Is 157187 a prime number?
False
Is 285259 composite?
True
Is 2723989 a composite number?
False
Is 247774 a composite number?
True
Is 398207 composite?
False
Is 35279 composite?
False
Is 2221 composite?
False
Is 19859 prime?
False
Is 52963 prime?
True
Is 41177 a composite number?
False
Is 116549 prime?
True
Is 123722 prime?
False
Is 7411 a prime number?
True
Is 17899 a composite number?
True
Is 39293 prime?
True
Is 37129 a prime number?
False
Is 313237 composite?
True
Is 1141837 a composite number?
False
Is 78922 prime?
False
Is 36349 a composite number?
True
Is 67 a prime number?
True
Is 278143 a composite number?
False
Is 661